at is 0 (base 7) in base 16?
0
What is -18 (base 13) in base 5?
-41
What is 4 (base 7) in base 2?
100
What is -12 (base 12) in base 16?
-e
159 (base 12) to base 6
553
19a (base 14) to base 8
514
What is -1b (base 15) in base 2?
-11010
What is 1303 (base 6) in base 5?
2302
8 (base 16) to base 4
20
Convert 26 (base 10) to base 11.
24
Convert -60 (base 10) to base 14.
-44
-3 (base 12) to base 8
-3
Convert 1101 (base 2) to base 6.
21
Convert 6 (base 9) to base 6.
10
0 (base 5) to base 16
0
Convert 1 (base 10) to base 16.
1
Convert -1 (base 11) to base 14.
-1
What is a (base 16) in base 13?
a
-23 (base 9) to base 12
-19
Convert -2 (base 10) to base 8.
-2
What is 3 (base 14) in base 4?
3
-126 (base 8) to base 5
-321
Convert -10 (base 11) to base 12.
-b
What is 2 (base 13) in base 4?
2
-3b (base 15) to base 13
-44
Convert -11 (base 2) to base 3.
-10
-6 (base 13) to base 15
-6
3 (base 14) to base 10
3
What is -124 (base 6) in base 4?
-310
What is -b2 (base 12) in base 9?
-158
13 (base 7) to base 12
a
110 (base 3) to base 9
13
1 (base 6) to base 5
1
Convert 241 (base 5) to base 4.
1013
Convert -20 (base 4) to base 7.
-11
What is 15 (base 8) in base 15?
d
Convert -10 (base 5) to base 4.
-11
What is -1310 (base 5) in base 12?
-151
What is 15 (base 13) in base 5?
33
Convert 2 (base 8) to base 14.
2
Convert 1 (base 11) to base 10.
1
What is -2 (base 9) in base 10?
-2
101 (base 3) to base 8
12
1 (base 7) to base 3
1
What is 0 (base 7) in base 3?
0
-65 (base 8) to base 10
-53
-1001100 (base 2) to base 11
-6a
What is -20 (base 10) in base 13?
-17
Convert 44 (base 12) to base 14.
3a
-10 (base 3) to base 8
-3
What is 29 (base 12) in base 16?
21
Convert -10203 (base 4) to base 8.
-443
Convert -1c (base 14) to base 2.
-11010
What is -17 (base 9) in base 16?
-10
What is -42 (base 5) in base 9?
-24
Convert -10 (base 3) to base 13.
-3
Convert 204 (base 6) to base 12.
64
Convert 0 (base 9) to base 4.
0
What is -9 (base 15) in base 4?
-21
What is -17 (base 16) in base 14?
-19
Convert 3 (base 5) to base 2.
11
64 (base 8) to base 3
1221
Convert -244 (base 10) to base 15.
-114
-1 (base 6) to base 11
-1
222 (base 5) to base 9
68
What is 130 (base 4) in base 6?
44
-3 (base 15) to base 7
-3
What is -61 (base 13) in base 3?
-2221
What is -65 (base 11) in base 4?
-1013
Convert -14 (base 5) to base 10.
-9
-3 (base 10) to base 3
-10
-105 (base 10) to base 11
-96
7 (base 11) to base 2
111
What is -30 (base 16) in base 7?
-66
What is -213 (base 4) in base 5?
-124
0 (base 13) to base 15
0
Convert 101100 (base 2) to base 15.
2e
What is 3 (base 12) in base 4?
3
Convert -138 (base 11) to base 15.
-ac
What is 122 (base 5) in base 2?
100101
-60 (base 9) to base 15
-39
0 (base 13) to base 7
0
Convert -114 (base 7) to base 9.
-66
Convert -33 (base 4) to base 6.
-23
3 (base 4) to base 14
3
Convert -4 (base 5) to base 8.
-4
102 (base 3) to base 14
b
What is -2 (base 3) in base 11?
-2
Convert -4 (base 16) to base 5.
-4
What is -10101000 (base 2) in base 8?
-250
Convert 21120 (base 3) to base 2.
11001100
-4 (base 8) to base 11
-4
214 (base 5) to base 6
135
What is -10 (base 6) in base 3?
-20
What is 3 (base 7) in base 2?
11
What is -10 (base 4) in base 5?
-4
What is -21 (base 4) in base 5?
-14
What is 21210 (base 3) in base 6?
550
-45 (base 6) to base 16
-1d
What is -2101 (base 3) in base 2?
-1000000
Convert -32 (base 15) to base 8.
-57
Convert 2 (base 16) to base 3.
2
Convert -1 (base 9) to base 15.
-1
Convert 35 (base 10) to base 6.
55
What is -3b (base 15) in base 16?
-38
1 (base 5) to base 9
1
Convert -7 (base 15) to base 16.
-7
What is 10 (base 5) in base 6?
5
Convert -23 (base 9) to base 7.
-30
10000 (base 2) to base 4
100
-30 (base 10) to base 14
-22
-434 (base 5) to base 10
-119
Convert -433 (base 6) to base 4.
-2211
What is 2 (base 5) in base 14?
2
What is 41 (base 6) in base 14?
1b
What is 38 (base 15) in base 3?
1222
12 (base 6) to base 2
1000
-5 (base 10) to base 16
-5
What is -7 (base 10) in base 15?
-7
110 (base 3) to base 14
c
What is -17 (base 13) in base 6?
-32
What is 3 (base 14) in base 9?
3
What is -1000 (base 3) in base 9?
-30
-2 (base 14) to base 3
-2
-111 (base 2) to base 12
-7
4 (base 13) to base 11
4
What is -3 (base 16) in base 2?
-11
Convert -4 (base 12) to base 4.
-10
-10 (base 2) to base 6
-2
What is 308 (base 11) in base 2?
101110011
What is -31 (base 13) in base 8?
-50
2 (base 15) to base 7
2
Convert -14 (base 6) to base 3.
-101
What is -55 (base 14) in base 4?
-1023
2 (base 16) to base 12
2
Convert -10 (base 2) to base 15.
-2
31 (base 8) to base 4
121
What is 333 (base 5) in base 4?
1131
Convert 100 (base 5) to base 14.
1b
Convert 448 (base 9) to base 4.
11300
What is 550 (base 6) in base 11?
181
1 (base 10) to base 3
1
What is -21 (base 4) in base 9?
-10
What is -564 (base 7) in base 10?
-291
What is -4 (base 5) in base 2?
-100
What is 34 (base 9) in base 11?
29
0 (base 13) to base 3
0
Convert -261 (base 7) to base 10.
-141
1110 (base 5) to base 6
415
What is -3 (base 13) in base 16?
-3
-3 (base 5) to base 15
-3
What is 0 (base 14) in base 10?
0
5 (base 7) to base 5
10
-5 (base 16) to base 13
-5
What is -16 (base 12) in base 6?
-30
Convert 1 (base 9) to base 10.
1
What is -47 (base 13) in base 2?
-111011
What is -74 (base 10) in base 3?
-2202
-3 (base 7) to base 12
-3
-1 (base 9) to base 4
-1
-112 (base 7) to base 4
-322
2 (base 3) to base 14
2
Convert 76 (base 16) to base 11.
a8
What is -252 (base 7) in base 11?
-113
-1 (base 6) to base 10
-1
Convert 4 (base 8) to base 10.
4
-1 (base 13) to base 6
-1
What is -2 (base 5) in base 12?
-2
What is 4 (base 15) in base 8?
4
What is 2 (base 13) in base 14?
2
What is 101001011 (base 2) in base 4?
11023
-4 (base 11) to base 5
-4
Convert 1 (base 9) to base 3.
1
What is -178 (base 9) in base 15?
-a2
What is -40 (base 15) in base 4?
-330
3 (base 10) to base 13
3
Convert -2 (base 7) to base 11.
-2
What is 1c (base 13) in base 5?
100
What is 26 (base 7) in base 16?
14
Convert -34 (base 10) to base 12.
-2a
Convert -39 (base 12) to base 9.
-50
What is 34 (base 6) in base 4?
112
10 (base 4) to base 13
4
What is 4 (base 14) in base 9?
4
18 (base 12) to base 15
15
Convert -1 (base 10) to base 9.
-1
Convert 7 (base 13) to base 10.
7
-223 (base 4) to base 5
-133
What is -100 (base 2) in base 12?
-4
-6 (base 12) to base 2
-110
Convert -100 (base 3) to base 6.
-13
Convert -3 (base 14) to base 4.
-3
Convert -77 (base 12) to base 14.
-67
-4 (base 16) to base 14
-4
Convert -28 (base 10) to base 3.
-1001
What is 12 (base 10) in base 16?
c
-9 (base 16) to base 6
-13
-420 (base 5) to base 16
-6e
5 (base 7) to base 3
12
What is 11111 (base 2) in base 14?
23
Convert 2b (base 12) to base 10.
35
What is 8 (base 14) in base 13?
8
What is 12102 (base 3) in base 9?
172
-226 (base 8) to base 10
-150
Convert 304 (base 6) to base 15.
77
What is -184 (base 13) in base 9?
-337
What is 103 (base 4) in base 8?
23
3 (base 8) to base 5
3
Convert -4 (base 12) to base 15.
-4
What is 40 (base 12) in base 9?
53
What is -10110 (base 3) in base 7?
-162
Convert -34 (base 13) to base 5.
-133
Convert -1 (base 6) to base 5.
-1
What is -2 (base 8) in base 7?
-2
6 (base 11) to base 5
11
What is -1 (base 14) in base 5?
-1
What is 30 (base 4) in base 3?
110
Convert -7 (base 13) to base 5.
-12
4 (base 8) to base 14
4
-52 (base 16) to base 8
-122
Convert 7 (base 12) to base 9.
7
What is 130 (base 4) in base 14?
20
Convert 4 (base 10) to base 15.
4
Convert 82 (base 10) to base 15.
57
11 (base 2) to base 13
3
What is 25 (base 14) in base 12?
29
Convert 4 (base 10) to base 3.
11
Convert 0 (base 9) to base 4.
0
What is 4a (base 16) in base 5?
244
Convert -7f (base 16) to base 10.
-127
4 (base 13) to base 10
4
1131 (base 4) to base 5
333
What is -11 (base 11) in base 16?
-c
What is -1000001 (base 2) in base 5?
-230
304 (base 10) to base 12
214
What is -2 (base 16) in base 11?
-2
What is 60 (base 16) in base 6?
240
What is -211 (base 4) in base 16?
-25
What is 18 (base 14) in base 7?
31
Convert -18 (base 9) to base 6.
-25
Convert -101 (base 3) to base 12.
-a
What is 5 (base 12) in base 14?
5
3 (base 12) to base 11
3
What is 11 (base 4) in base 5?
10
-2 (base 7) to base 16
-2
Convert 63 (base 11) to base 12.
59
7 (base 11) to base 13
7
What is b (base 16) in base 3?
102
